{"id":34,"date":"2016-01-25T21:24:25","date_gmt":"2016-01-25T20:24:25","guid":{"rendered":"http:\/\/www.hofer-stammtisch.de\/wordpress\/?page_id=34"},"modified":"2017-01-07T19:10:10","modified_gmt":"2017-01-07T18:10:10","slug":"galerie-2011","status":"publish","type":"page","link":"https:\/\/www.hofer-stammtisch.de\/wordpress\/galerie\/galerie-2011\/","title":{"rendered":"Galerie 2011"},"content":{"rendered":"<h2><a href=\"http:\/\/hofer-stammtisch.de\/jAlbum\/Dezember%202011\/index.html\"><b>Dezember 2011 &#8211; Weihnachtsmarkt Schwabing und Multi Kulti<\/b><\/a><\/h2>\n<h2><b><a href=\"http:\/\/hofer-stammtisch.de\/jAlbum\/November%202011\/index.html\">November 2011 &#8211; Das Edelwei\u00df<\/a><\/b><\/h2>\n<h2><b><a href=\"http:\/\/hofer-stammtisch.de\/jAlbum\/Oktober%202011\/index.html\">Oktober 2011 &#8211; Ewiges Licht<\/a><\/b><\/h2>\n<h2><b><a href=\"http:\/\/hofer-stammtisch.de\/jAlbum\/September%202011\/index.html\">September 2011 &#8211; Augustiner Hexenkessel und Du&amp;I<\/a><\/b><\/h2>\n<h2><b><\/b><b><a href=\"http:\/\/hofer-stammtisch.de\/jAlbum\/August%202011\/index.html\">August 2011 &#8211; T\u00fcrkenhof<\/a><\/b><\/h2>\n<h2><b><a href=\"http:\/\/hofer-stammtisch.de\/jAlbum\/Juli%202011\/index.html\">Juli 2011 &#8211; Kreuzberger<\/a><\/b><\/h2>\n<h2><b><a href=\"http:\/\/hofer-stammtisch.de\/jAlbum\/Mai%202011\/index.html\">Mai 2011 &#8211; G\u00f6rreshof<\/a><\/b><\/h2>\n<h2><b><a href=\"http:\/\/hofer-stammtisch.de\/jAlbum\/April%202011\/index.html\">April 2011 &#8211; Mariannenhof<\/a><\/b><\/h2>\n<h2><b><a href=\"http:\/\/hofer-stammtisch.de\/jAlbum\/Maerz%202011\/index.html\">M\u00e4rz 2011 &#8211; Leicht &amp; Sinn<\/a><\/b><\/h2>\n<h2><b><a href=\"http:\/\/hofer-stammtisch.de\/jAlbum\/Februar%202011\/index.html\">Februar 2011 &#8211; M\u00fcnchen 72<\/a><\/b><\/h2>\n<h2><b><a href=\"http:\/\/hofer-stammtisch.de\/jAlbum\/Januar%202011\/index.html\">Januar 2011 &#8211; Sappralott<\/a><\/b><\/h2>\n<h2><a href=\"http:\/\/hofer-stammtisch.de\/jAlbum\/Andechs%202011\/index.html\"><b>St\u00e4rke antrinken 2011 &#8211; Kloster Andechs<\/b><\/a><\/h2>\n","protected":false},"excerpt":{"rendered":"<p>Dezember 2011 &#8211; Weihnachtsmarkt Schwabing und Multi Kulti November 2011 &#8211; Das Edelwei\u00df Oktober 2011 &#8211; Ewiges Licht September 2011 &#8211; Augustiner Hexenkessel und Du&amp;I August 2011 &#8211; T\u00fcrkenhof Juli 2011 &#8211; Kreuzberger Mai 2011 &#8211; G\u00f6rreshof April 2011 &#8211; Mariannenhof M\u00e4rz 2011 &#8211; Leicht &amp; Sinn Februar 2011 &#8211; M\u00fcnchen 72 Januar 2011 &#8211; [&hellip;]<\/p>\n","protected":false},"author":1,"featured_media":0,"parent":19,"menu_order":42,"comment_status":"closed","ping_status":"closed","template":"","meta":{"footnotes":""},"class_list":["post-34","page","type-page","status-publish","hentry"],"_links":{"self":[{"href":"https:\/\/www.hofer-stammtisch.de\/wordpress\/wp-json\/wp\/v2\/pages\/34","targetHints":{"allow":["GET"]}}],"collection":[{"href":"https:\/\/www.hofer-stammtisch.de\/wordpress\/wp-json\/wp\/v2\/pages"}],"about":[{"href":"https:\/\/www.hofer-stammtisch.de\/wordpress\/wp-json\/wp\/v2\/types\/page"}],"author":[{"embeddable":true,"href":"https:\/\/www.hofer-stammtisch.de\/wordpress\/wp-json\/wp\/v2\/users\/1"}],"replies":[{"embeddable":true,"href":"https:\/\/www.hofer-stammtisch.de\/wordpress\/wp-json\/wp\/v2\/comments?post=34"}],"version-history":[{"count":1,"href":"https:\/\/www.hofer-stammtisch.de\/wordpress\/wp-json\/wp\/v2\/pages\/34\/revisions"}],"predecessor-version":[{"id":35,"href":"https:\/\/www.hofer-stammtisch.de\/wordpress\/wp-json\/wp\/v2\/pages\/34\/revisions\/35"}],"up":[{"embeddable":true,"href":"https:\/\/www.hofer-stammtisch.de\/wordpress\/wp-json\/wp\/v2\/pages\/19"}],"wp:attachment":[{"href":"https:\/\/www.hofer-stammtisch.de\/wordpress\/wp-json\/wp\/v2\/media?parent=34"}],"curies":[{"name":"wp","href":"https:\/\/api.w.org\/{rel}","templated":true}]}}